11.
-97
What is the value of -2 + -58 + (5 - 2 - -14) + (1 - 1)?
-43
Evaluate (-1 - -11 - -1) + (-28 - -31) + 70.
84
What is the value of 1 + -3 + -7 - (-50 - 54 - -93)?
2
What is (134 - (-3 - -49)) + -14 + -1?
73
What is -36 - (-37 + -24 - -39)?
-14
Calculate -1 - (-81 + 105 - (-3 - -4)).
-24
Evaluate 68 + (-48 - -72) + -104.
-12
-75 + (55 + -122 - -113)
-29
What is the value of -2080 + 2094 + (1 - 52)?
-37
Evaluate -1 + -1 + 0 + (11 - (-23 - -1)) + -120.
-89
(-30 - -19 - -36) + -15 - (1 + (72 - 6))
-57
What is (-23 - 47) + 14 - -28?
-28
Calculate 29 + (-35 - (-15 + -3)) - (-4 - -59).
-43
What is (3 + -3 - -7) + 702 + -719?
-10
What is -1 - -2 - (-36 + 30) - (58 - 56)?
5
What is 8 - (0 - 0) - (25 - (-27 + 29))?
-15
Evaluate 0 + -3 + 6 - 15 - (18125 - 18039).
-98
Calculate -5 + (41 - 17 - 25) + 6.
0
What is -64 + (-28 - -82) - ((-2 - 0) + 26)?
-34
Calculate (9 - 8) + -33 + 45.
13
Calculate (-8 - -19) + -21 - (-12 + -40).
42
Calculate 13 - (-16 + 14) - (49 - 76).
42
Calculate -174 - (-11 - 82) - -97.
16
What is -52 - (1 + -6 + -86)?
39
What is 95 + 15 + 14 + -65?
59
What is (82 - (-10 - 5)) + -25?
72
What is the value of 2 + 9 + (14 - -32 - (45 + -21))?
33
Calculate 11 + 0 + -25 + 11 + -40 - (4 + 2).
-49
What is (-30 - (-38 - (-1 - 1))) + (-1 - 75)?
-70
What is 16 + (-32 - -5) - (-38 - -36 - (1 + 24))?
16
What is the value of 2 + -47 + (32 - 30 - (1 - -9))?
-53
What is -56 + (-129 - (-20 - 98)) + (1 - (1 - 1))?
-66
What is the value of 0 + -15 + 10 + 15 + -5 + -7?
-2
(-10 + 22 - 41) + 19
-10
Calculate -300 + 305 + -12 + (-3 - (-1 + (-3 - -1))).
-7
50 - ((-10 - ((13 - 14) + -3)) + -7)
63
Calculate 25 + (-11 + (11 - 12 - -9) - 2).
20
70 + -46 - (11 + -51)
64
71 + -9 + 10 + -33
39
What is 127 + -62 + 14 - 56?
23
Calculate -36 + -8 - (-505 - -510).
-49
What is the value of (-99 - -5 - -5) + (44 - (28 + 20)) + 10?
-83
What is 16 - (-7 - (11 + (-2 - 8) + -11))?
13
What is the value of -1 - (1 - 35 - (-13 - -3)) - (4 - -3)?
16
Evaluate (-36 - (47 - 67)) + 63.
47
What is the value of 5359 - 5397 - (-2 + 84)?
-120
Evaluate 112 + -91 - 57 - 30.
-66
What is the value of 9 + 1 - (9 + 16 + -13) - 16?
-18
What is the value of -68 + 54 + -14 + -26 - (-10 - -1)?
-45
11 - 0 - (6 + -8) - (-55 + 22)
46
What is 313 + -330 + -15 + (3 - -2)?
-27
What is the value of 10 + 1 + -2 + 17 + -30?
-4
Calculate -36 - (-40 - -6 - 9) - 63.
-56
-16 + -4 + 38 - 3 - -64 - 17
62
What is 8 + (-2 - -2) + (-1 - (-21 + 5))?
23
What is the value of -55 + 229 + -67 - 203?
-96
34 - (-64 + 18 - -20)
60
What is -7 - (0 - -4 - (13 + -29))?
-27
What is the value of 24 - (-8 - (-4 + -7 + -8))?
13
Calculate (-1 - -39) + (3 - (-1 - 0 - (126 + -127))).
41
What is 8 + (-31 + -69 - (-9 - 0))?
-83
Calculate 140 + -24 - (1055 + -813).
-126
What is -39 - -2 - (-11 + 10 + -5)?
-31
-13 + -5 + -2 + -2 + (2 - -6)
-14
-2959 + 2932 + -2 + 38
9
What is the value of (6 + 1 - 2 - 9) + -17 + (29 - -6)?
14
Evaluate -111 + 25 - -10 - -34.
-42
-14 - -22 - 3 - -35 - 22
18
Evaluate -31 - -97 - ((46 + -41 - -11) + -1 + -9).
60
Evaluate 27 + (-2 - (5 + -4)) - (645 - 633).
12
(5 - -2) + 74 + -85 + 2 + -1
-3
Calculate 26 - ((12 - (-13 - (-32 + 9))) + 8).
16
Calculate (-4 - (1 + -7)) + -11 + (-907 - -853).
-63
0 + 23 + (-7 + 121 - 96)
41
What is the value of (3 - 6 - (-13 - 1)) + (-2 - 15 - 14)?
-20
What is -6 + (35 + -7 - 43)?
-21
What is 5 + (-59 + 69 - (4 + -29 + 8 + -17))?
49
-19 + (15 - (18 + -21 - -9))
-10
What is the value of 0 + (13 - 22) - (13 + -51)?
29
Calculate (34 - (-39 + 63)) + 53.
63
Calculate 23 + (-17 - 8) + (1 - 3) + -30.
-34
Calculate (-1 - (-3 + 0) - (-7 - -10)) + 263 + -371.
-109
(-26 - (-15 + 17)) + (-1 - 0) + -4 + 0
-33
Evaluate 3 + -101 + 0 + 115 + -15 + -85.
-83
What is the value of 21 - 14 - (62 - 66)?
11
209 + -207 - (-3 - -31) - -29
3
Calculate (1 - 9) + -9 + 26 - -1 - 9 - 32.
-31
-9 - -28 - -42 - 35
26
What is 4 - (-9 + (0 - -5)) - (25 + (-23 - -24))?
-18
What is 99 - -5 - (-1984 - -2132)?
-44
Evaluate 18 + (35 - 30) + -29 + (13 - 2 - 2).
3
What is the value of (-49 - (-149 + 89) - (18 - (0 + 2))) + 34?
29
What is 74 + (-82 - (73 - 151))?
70
Evaluate 5 + 3 + -8 + (-15 - -31) + -32.
-16
Evaluate 16 + -5 + 15 - (201 - 199).
24
Evaluate 56 - (-119 + 78 - -80).
17
What is 11 + 11 - (17 + 3 + 19)?
-17
89 + -68 - 16 - 25
-20
-117 + -1 + (-32 - -219) + -182
-113
What is the value of 68 + 4 + (-44 - 19) + 51?
60
What is (-4 - -5) + (40 - (6 - 3))?
38
Evaluate (1 - 2 - 21) + (1027 - 965).
40
What is the value of (29 - -2) + -3970 + 3957?
18
Calculate 36 - -9 - 7 - ((-5 - -2) + 7).
34
Calculate (-55 + -2 - -124) + (0 - -2) + -7.
62
Evaluate 67 - (4418 - 4425 - (3 - 1 - 0)).
76
Calculate (0 - -4) + (-16 - -8) - 21.
-25
Calculate 56 + (-15 - 34 - -9).
16
What is (-23 - -17) + -1 + 1 + 8 - 24?
-22
Evaluate (-105 - (-12 + 9 + -9)) + 5 + -14.
-102
What is 7 + (36 - -21 - 44 - (0 - 2))?
22
What is -43 + -1 - (277 + -50 - 239)?
-32
What is -167 + 203 + -67 - (-120 + -1)?
90
14 + (11 - -1) + 19 + -28 - (1 + -9)
25
What is the value of (-18 - (-41 - -22) - (-2 - -4) - -6) + -64?
-59
What is the value of -1 - ((1 + 68 - 0) + (-1071 - -1071)) - 2?
-72
Evaluate (3 - -5) + (2 + 24 - 32).
2
What is the value of -12 + (-6 - ((-20 - -1) + 3)) + -37?
-39
Calculate 23 + -47 + 20 + -10 + 1 - -126.
113
Evaluate -34 + (20 - -60) - (0 + 7 + 8).
31
(37 - 25) + (-1 - 4) - (-13 + -25 + -14)
59
-3 + -1 + 15 + -9 + 2 + -28 - -3
-21
What is the value of 55 - (-19 + 65) - -117 - 6?
120
What is (0 - 3 - 2) + (23 - (42 - 10)) + -6?
-20
(-12 - -57) + 71 + -46
70
What is the value of -75 - -76 - (-10 + 16 + -39)?
34
What is the value of 47 - (-101 + 23 - -69)?
56
Evaluate -13 + (11 - (-5 + -3) - -21).
27
What is (-42 - -2 - (116 - 136)) + 48?
28
What is 154 + 139 + -305 + 30?
18
What is 9 + -7 + (23 - 44) + 1?
-18
-43 + 8 + (-47 - -64) + (-6 - -2)
-22
Calculate (-5 - -16) + 137 - (0 - 8 - -28).
128
Evaluate 669 + -614 - (18 - (4 + -11)).
30
-4 + -14 + (60 - 54)
-12
Calculate -2 + -21 - (64 + (-32 - (69 - 6))).
8
Calculate -30 + (-19 + -1 - (-283 - -277)) + -14.
-58
What is -31 - (-85 + 72 - 45)?
27
-5 - (3 - (6 - 3 - -5) - (81 - 101))
-20
Calculate 38 + (-174 - -94 - 8).
-50
What is (0 - -4) + (90 + -96 - -21) + -80?
-61
What is 0 + 2 + -5 + -1 + 28 + -51 + 25?
-2
Evaluate (-37 - (-51 + -10)) + (-2 - 0) + -2.
20
What is -5 + 113 + -13 + (-30 - (-38 - -2))?
101
What is the value of (-28 - (13 - 49)) + -20 - (2 + -13)?
-1
-7 + 11 + -4 + -6 + 33
27
What is the value of (270 - (121 - 85)) + -153?
81
What is 26 + -24 + -50 + 28?
-20
What is -1 + -4 + (6 + -12 - -2) - -22?
13
72 + -1 + -2 + -532 + 513
50
Evaluate (-30 - (1 - 4)) + (25 - 10) + -13.
-25
What is -4 + -82 + -3685 + 3794?
23
Calculate 110 + 3 + -3 + (22 - -6 - 47).
91
Calculate 9 + -9 + 11 - 0 - (-3 + -7 + 11).
10
Evaluate 6 - (-7 - -3) - ((20 - 6) + 38).
-42
Evaluate -1 + 2 + (211 - 283 - -36).
-35
What is 98 + 104 + -36 + -80?
86
Evaluate (-43 - -20) + (9 - -5) - 48.
-57
What is -34 + 55 + -82 - -62?
1
-1 + -1 - (109 - 161 - -45) - (-143 + -1)
149
What is 0 - 13 - (51 + -4 + -27 - -5)?
-38
What is the value of 40 + -163 - -105 - -86?
68
What is the value of -1034 + 1045 + 2 + -5 + 82?
90
What is the value of -1344 - -1328 - (-9 - (1 - 1)) - -47?
40
Evaluate -4 - (-25 + (42 - 15)) - (82 + 6).
-94
What is -98 + 33 - 8 - -20?
-53
Evaluate 389 + -382 + (-42 - 1 - (3 + 0)).
-39
Calculate 33 - (0 + -1) - (104 + (125 - 228)).
33
What is (15 + -15 + -14 - (-3 + -19)) + -47?
-39
Evaluate 7 - (-5 - -64) - (1 + -18).
-35
12 + -14 + (-24 - -31) + (22 - -1) + 1
29
Evaluate 26 + -7 + -24 - (6 - -21).
-32
9 + 50 + -98 + 87
48
Calculate (-20 - -9) + 23 - (-16 + (2 - -9)).
17
6 - (4 - 8 - -3) - (52 + -8 + -14)
-23
28 + 24 + -24 + -19 + 12 + 3
24
(3 + -5 + 6 + 0 - -1) + -8 + 7
4
What is -137 - (16 - (114 + -15))?
-54
107 + (-42 - (-11 + -15 + -6))
97
Evaluate 42 + 16 + -36 + -13.
9
What is the value of 3 - (-3 - (-3 - -11)) - (-131 - -127)?
18
What is -25 - (48 - (-24 - -39))?
-58
Calculate 13 - 30 - (-2 - -13 - -3 - 1).
-30
3 + (-63 - (-32 - -7) - 3)
-38
Calculate -1 + 13 - (10 + 46 + -52).
8
What is (-412 - -347) + 0 + (2 + 2 - 6) + 7?
-60
Evaluate (-8 - (2 + -4)) + 1 - (420 + -439).
14
What is (14 - 0) + 7 + -26 + -128 - -6?
-127
3 + -7 + -7 + -9
-20
8 - -10 - (-234 - -238)
14
-12 + 1